{"id":37,"date":"2021-08-31T17:56:29","date_gmt":"2021-08-31T17:56:29","guid":{"rendered":"https:\/\/afro-center-salon.nextsession.de\/?page_id=37"},"modified":"2023-02-06T14:49:46","modified_gmt":"2023-02-06T14:49:46","slug":"anfahrt","status":"publish","type":"page","link":"https:\/\/afro-center-salon.de\/?page_id=37","title":{"rendered":"Anfahrt"},"content":{"rendered":"<p>[et_pb_section fb_built=&#8220;1&#8243; _builder_version=&#8220;4.16&#8243; _module_preset=&#8220;default&#8220; background_color=&#8220;rgba(10,10,10,0.4)&#8220; background_image=&#8220;https:\/\/afro-center-salon.de\/wp-content\/uploads\/2021\/08\/Salon.jpg&#8220; background_blend=&#8220;darken&#8220; custom_padding=&#8220;9vw||9vw||false|false&#8220; global_colors_info=&#8220;{}&#8220;][et_pb_row _builder_version=&#8220;4.16&#8243; _module_preset=&#8220;default&#8220; global_colors_info=&#8220;{}&#8220;][et_pb_column type=&#8220;4_4&#8243; _builder_version=&#8220;4.16&#8243; _module_preset=&#8220;default&#8220; global_colors_info=&#8220;{}&#8220;][et_pb_text admin_label=&#8220;Text&#8220; _builder_version=&#8220;4.16&#8243; text_font=&#8220;||||||||&#8220; header_font=&#8220;Artifika||on||||||&#8220; header_text_align=&#8220;center&#8220; header_font_size=&#8220;40px&#8220; header_2_font=&#8220;||||||||&#8220; background_layout=&#8220;dark&#8220; custom_margin=&#8220;||20px|&#8220; custom_padding=&#8220;7px||||false|false&#8220; custom_padding_tablet=&#8220;18vw||||false|false&#8220; custom_padding_phone=&#8220;42vw||||false|false&#8220; custom_padding_last_edited=&#8220;on|phone&#8220; animation_style=&#8220;fade&#8220; header_font_size_tablet=&#8220;&#8220; header_font_size_phone=&#8220;&#8220; header_font_size_last_edited=&#8220;on|phone&#8220; header_text_shadow_style=&#8220;preset5&#8243; locked=&#8220;off&#8220; global_colors_info=&#8220;{}&#8220;]<\/p>\n<h1>Hier finden Sie Uns<\/h1>\n<p>[\/et_pb_text][\/et_pb_column][\/et_pb_row][\/et_pb_section][et_pb_section fb_built=&#8220;1&#8243; _builder_version=&#8220;4.16&#8243; _module_preset=&#8220;default&#8220; custom_padding=&#8220;||125px|||&#8220; locked=&#8220;off&#8220; global_colors_info=&#8220;{}&#8220;][et_pb_row column_structure=&#8220;1_2,1_2&#8243; _builder_version=&#8220;4.16&#8243; _module_preset=&#8220;default&#8220; global_colors_info=&#8220;{}&#8220;][et_pb_column type=&#8220;1_2&#8243; _builder_version=&#8220;4.16&#8243; _module_preset=&#8220;default&#8220; global_colors_info=&#8220;{}&#8220;][et_pb_text _builder_version=&#8220;4.16&#8243; _module_preset=&#8220;default&#8220; text_font=&#8220;Artifika||||||||&#8220; text_text_color=&#8220;#000000&#8243; text_font_size=&#8220;18px&#8220; text_line_height=&#8220;1.9em&#8220; header_font=&#8220;||||||||&#8220; header_3_font=&#8220;Diplomata SC||||||||&#8220; header_3_font_size=&#8220;30px&#8220; header_3_line_height=&#8220;1.4em&#8220; text_orientation=&#8220;center&#8220; background_layout=&#8220;dark&#8220; text_font_size_tablet=&#8220;16px&#8220; text_font_size_phone=&#8220;14px&#8220; text_font_size_last_edited=&#8220;on|phone&#8220; global_colors_info=&#8220;{}&#8220;]<\/p>\n<p style=\"text-align: left;\">Unsere Gesch\u00e4ftsr\u00e4ume befinden sich in der <i>Silbersteinstra\u00dfe 71 in 12051 Berlin (Neuk\u00f6lln). <\/i><\/p>\n<p style=\"text-align: left;\">Sie erreichen uns per U-Bahn oder S-Bahn \u00fcber die Haltestelle &#8222;Hermannstra\u00dfe&#8220;. Direkt vor unserem Gesch\u00e4ft h\u00e4lt der Bus der Linie 170.<\/p>\n<p>[\/et_pb_text][\/et_pb_column][et_pb_column type=&#8220;1_2&#8243; _builder_version=&#8220;4.16&#8243; _module_preset=&#8220;default&#8220; global_colors_info=&#8220;{}&#8220;][et_pb_code _builder_version=&#8220;4.16&#8243; _module_preset=&#8220;default&#8220; text_orientation=&#8220;center&#8220; global_colors_info=&#8220;{}&#8220;]<iframe src=\"https:\/\/www.google.com\/maps\/embed?pb=!1m18!1m12!1m3!1d2430.711830031391!2d13.428778216005822!3d52.46624614796361!2m3!1f0!2f0!3f0!3m2!1i1024!2i768!4f13.1!3m3!1m2!1s0x47a84f9b057e512f%3A0x553d44123ba9b23!2sAFRO%20CENTER%20SALON!5e0!3m2!1sde!2sde!4v1630438174876!5m2!1sde!2sde\" width=\"600\" height=\"450\" style=\"border:0;\" allowfullscreen=\"\" loading=\"lazy\"><\/iframe>[\/et_pb_code][\/et_pb_column][\/et_pb_row][et_pb_row admin_label=&#8220;About Us&#8220; _builder_version=&#8220;4.16&#8243; background_color_gradient_direction=&#8220;140deg&#8220; custom_margin=&#8220;|auto|-130px|auto||&#8220; custom_padding=&#8220;|||&#8220; global_colors_info=&#8220;{}&#8220;][et_pb_column type=&#8220;4_4&#8243; _builder_version=&#8220;4.16&#8243; background_color=&#8220;#995f2a&#8220; custom_padding=&#8220;70px|40px|70px|40px|true|true&#8220; custom_padding_tablet=&#8220;60px|30px|60px|30px|true|true&#8220; custom_padding_phone=&#8220;40px|20px|40px|20px|true|true&#8220; custom_padding_last_edited=&#8220;on|phone&#8220; global_colors_info=&#8220;{}&#8220; custom_padding__hover=&#8220;|||&#8220;][et_pb_text _builder_version=&#8220;4.16&#8243; text_font=&#8220;Artifika||||||||&#8220; text_font_size=&#8220;19px&#8220; text_line_height=&#8220;1.9em&#8220; header_font=&#8220;||||||||&#8220; header_3_font=&#8220;Artifika||||||||&#8220; header_3_font_size=&#8220;24px&#8220; header_3_line_height=&#8220;1.4em&#8220; text_orientation=&#8220;center&#8220; background_layout=&#8220;dark&#8220; custom_margin=&#8220;||0px||false|false&#8220; header_3_font_size_tablet=&#8220;&#8220; header_3_font_size_phone=&#8220;18px&#8220; header_3_font_size_last_edited=&#8220;on|phone&#8220; global_colors_info=&#8220;{}&#8220;]<\/p>\n<h3>\u00d6ffnungszeiten<\/h3>\n<p>[\/et_pb_text][et_pb_text _builder_version=&#8220;4.16&#8243; text_font=&#8220;Artifika||||||||&#8220; text_font_size=&#8220;18px&#8220; text_line_height=&#8220;1.9em&#8220; header_font=&#8220;||||||||&#8220; header_3_font=&#8220;Diplomata SC||||||||&#8220; header_3_font_size=&#8220;30px&#8220; header_3_line_height=&#8220;1.4em&#8220; text_orientation=&#8220;center&#8220; background_layout=&#8220;dark&#8220; text_font_size_tablet=&#8220;16px&#8220; text_font_size_phone=&#8220;14px&#8220; text_font_size_last_edited=&#8220;on|phone&#8220; global_colors_info=&#8220;{}&#8220;]<\/p>\n<p>Di &#8211; Fr: 10:30 Uhr bis 18:00 Uhr<br \/>Sa: 10:30 Uhr &#8211; 17:00<\/p>\n<p>[\/et_pb_text][\/et_pb_column][\/et_pb_row][\/et_pb_section]<\/p>\n","protected":false},"excerpt":{"rendered":"<p>Hier finden Sie UnsUnsere Gesch\u00e4ftsr\u00e4ume befinden sich in der Silbersteinstra\u00dfe 71 in 12051 Berlin (Neuk\u00f6lln). Sie erreichen uns per U-Bahn oder S-Bahn \u00fcber die Haltestelle &#8222;Hermannstra\u00dfe&#8220;. Direkt vor unserem Gesch\u00e4ft h\u00e4lt der Bus der Linie 170.\u00d6ffnungszeitenDi &#8211; Fr: 10:30 Uhr bis 18:00 UhrSa: 10:30 Uhr &#8211; 17:00<\/p>\n","protected":false},"author":1,"featured_media":0,"parent":0,"menu_order":0,"comment_status":"closed","ping_status":"closed","template":"","meta":{"_et_pb_use_builder":"on","_et_pb_old_content":"","_et_gb_content_width":"","_glsr_average":0,"_glsr_ranking":0,"_glsr_reviews":0},"yoast_head":"<!-- This site is optimized with the Yoast SEO plugin v21.1 - https:\/\/yoast.com\/wordpress\/plugins\/seo\/ -->\n<title>Anfahrt - Afro Center Salon<\/title>\n<meta name=\"robots\" content=\"index, follow, max-snippet:-1, max-image-preview:large, max-video-preview:-1\" \/>\n<link rel=\"canonical\" href=\"https:\/\/afro-center-salon.de\/?page_id=37\" \/>\n<meta property=\"og:locale\" content=\"de_DE\" \/>\n<meta property=\"og:type\" content=\"article\" \/>\n<meta property=\"og:title\" content=\"Anfahrt - Afro Center Salon\" \/>\n<meta property=\"og:description\" content=\"Hier finden Sie UnsUnsere Gesch\u00e4ftsr\u00e4ume befinden sich in der Silbersteinstra\u00dfe 71 in 12051 Berlin (Neuk\u00f6lln). Sie erreichen uns per U-Bahn oder S-Bahn \u00fcber die Haltestelle &quot;Hermannstra\u00dfe&quot;. Direkt vor unserem Gesch\u00e4ft h\u00e4lt der Bus der Linie 170.\u00d6ffnungszeitenDi - Fr: 10:30 Uhr bis 18:00 UhrSa: 10:30 Uhr - 17:00\" \/>\n<meta property=\"og:url\" content=\"https:\/\/afro-center-salon.de\/?page_id=37\" \/>\n<meta property=\"og:site_name\" content=\"Afro Center Salon\" \/>\n<meta property=\"article:modified_time\" content=\"2023-02-06T14:49:46+00:00\" \/>\n<meta name=\"twitter:card\" content=\"summary_large_image\" \/>\n<script type=\"application\/ld+json\" class=\"yoast-schema-graph\">{\"@context\":\"https:\/\/schema.org\",\"@graph\":[{\"@type\":\"WebPage\",\"@id\":\"https:\/\/afro-center-salon.de\/?page_id=37\",\"url\":\"https:\/\/afro-center-salon.de\/?page_id=37\",\"name\":\"Anfahrt - Afro Center Salon\",\"isPartOf\":{\"@id\":\"https:\/\/afro-center-salon.de\/#website\"},\"datePublished\":\"2021-08-31T17:56:29+00:00\",\"dateModified\":\"2023-02-06T14:49:46+00:00\",\"breadcrumb\":{\"@id\":\"https:\/\/afro-center-salon.de\/?page_id=37#breadcrumb\"},\"inLanguage\":\"de-DE\",\"potentialAction\":[{\"@type\":\"ReadAction\",\"target\":[\"https:\/\/afro-center-salon.de\/?page_id=37\"]}]},{\"@type\":\"BreadcrumbList\",\"@id\":\"https:\/\/afro-center-salon.de\/?page_id=37#breadcrumb\",\"itemListElement\":[{\"@type\":\"ListItem\",\"position\":1,\"name\":\"Startseite\",\"item\":\"https:\/\/afro-center-salon.de\/\"},{\"@type\":\"ListItem\",\"position\":2,\"name\":\"Anfahrt\"}]},{\"@type\":\"WebSite\",\"@id\":\"https:\/\/afro-center-salon.de\/#website\",\"url\":\"https:\/\/afro-center-salon.de\/\",\"name\":\"Afro Center Salon\",\"description\":\"Dein Afro Salon in Berlin\",\"potentialAction\":[{\"@type\":\"SearchAction\",\"target\":{\"@type\":\"EntryPoint\",\"urlTemplate\":\"https:\/\/afro-center-salon.de\/?s={search_term_string}\"},\"query-input\":\"required name=search_term_string\"}],\"inLanguage\":\"de-DE\"}]}<\/script>\n<!-- \/ Yoast SEO plugin. -->","yoast_head_json":{"title":"Anfahrt - Afro Center Salon","robots":{"index":"index","follow":"follow","max-snippet":"max-snippet:-1","max-image-preview":"max-image-preview:large","max-video-preview":"max-video-preview:-1"},"canonical":"https:\/\/afro-center-salon.de\/?page_id=37","og_locale":"de_DE","og_type":"article","og_title":"Anfahrt - Afro Center Salon","og_description":"Hier finden Sie UnsUnsere Gesch\u00e4ftsr\u00e4ume befinden sich in der Silbersteinstra\u00dfe 71 in 12051 Berlin (Neuk\u00f6lln). Sie erreichen uns per U-Bahn oder S-Bahn \u00fcber die Haltestelle \"Hermannstra\u00dfe\". Direkt vor unserem Gesch\u00e4ft h\u00e4lt der Bus der Linie 170.\u00d6ffnungszeitenDi - Fr: 10:30 Uhr bis 18:00 UhrSa: 10:30 Uhr - 17:00","og_url":"https:\/\/afro-center-salon.de\/?page_id=37","og_site_name":"Afro Center Salon","article_modified_time":"2023-02-06T14:49:46+00:00","twitter_card":"summary_large_image","schema":{"@context":"https:\/\/schema.org","@graph":[{"@type":"WebPage","@id":"https:\/\/afro-center-salon.de\/?page_id=37","url":"https:\/\/afro-center-salon.de\/?page_id=37","name":"Anfahrt - Afro Center Salon","isPartOf":{"@id":"https:\/\/afro-center-salon.de\/#website"},"datePublished":"2021-08-31T17:56:29+00:00","dateModified":"2023-02-06T14:49:46+00:00","breadcrumb":{"@id":"https:\/\/afro-center-salon.de\/?page_id=37#breadcrumb"},"inLanguage":"de-DE","potentialAction":[{"@type":"ReadAction","target":["https:\/\/afro-center-salon.de\/?page_id=37"]}]},{"@type":"BreadcrumbList","@id":"https:\/\/afro-center-salon.de\/?page_id=37#breadcrumb","itemListElement":[{"@type":"ListItem","position":1,"name":"Startseite","item":"https:\/\/afro-center-salon.de\/"},{"@type":"ListItem","position":2,"name":"Anfahrt"}]},{"@type":"WebSite","@id":"https:\/\/afro-center-salon.de\/#website","url":"https:\/\/afro-center-salon.de\/","name":"Afro Center Salon","description":"Dein Afro Salon in Berlin","potentialAction":[{"@type":"SearchAction","target":{"@type":"EntryPoint","urlTemplate":"https:\/\/afro-center-salon.de\/?s={search_term_string}"},"query-input":"required name=search_term_string"}],"inLanguage":"de-DE"}]}},"_links":{"self":[{"href":"https:\/\/afro-center-salon.de\/index.php?rest_route=\/wp\/v2\/pages\/37"}],"collection":[{"href":"https:\/\/afro-center-salon.de\/index.php?rest_route=\/wp\/v2\/pages"}],"about":[{"href":"https:\/\/afro-center-salon.de\/index.php?rest_route=\/wp\/v2\/types\/page"}],"author":[{"embeddable":true,"href":"https:\/\/afro-center-salon.de\/index.php?rest_route=\/wp\/v2\/users\/1"}],"replies":[{"embeddable":true,"href":"https:\/\/afro-center-salon.de\/index.php?rest_route=%2Fwp%2Fv2%2Fcomments&post=37"}],"version-history":[{"count":11,"href":"https:\/\/afro-center-salon.de\/index.php?rest_route=\/wp\/v2\/pages\/37\/revisions"}],"predecessor-version":[{"id":411,"href":"https:\/\/afro-center-salon.de\/index.php?rest_route=\/wp\/v2\/pages\/37\/revisions\/411"}],"wp:attachment":[{"href":"https:\/\/afro-center-salon.de\/index.php?rest_route=%2Fwp%2Fv2%2Fmedia&parent=37"}],"curies":[{"name":"wp","href":"https:\/\/api.w.org\/{rel}","templated":true}]}}